{"id":8715,"date":"2024-07-30T15:25:08","date_gmt":"2024-07-30T18:25:08","guid":{"rendered":"https:\/\/guindani.com.br\/?post_type=product&#038;p=8715"},"modified":"2025-03-20T15:29:31","modified_gmt":"2025-03-20T18:29:31","slug":"32076","status":"publish","type":"product","link":"https:\/\/guindani.com.br\/?product=32076","title":{"rendered":"32076"},"content":{"rendered":"<p>Brinco Au 750 0,41KD Infinito com Diamante<\/p>\n<p><em>Tamb\u00e9m dispon\u00edvel em zirc\u00f4nia<\/em><\/p>\n<p>Peso m\u00e9dio 5,25 g<\/p>\n","protected":false},"excerpt":{"rendered":"<p>Brinco Au 750 0,41KD Infinito com Diamante<\/p>\n<p><em>Tamb\u00e9m dispon\u00edvel em zirc\u00f4nia<\/em><\/p>\n<p>Peso m\u00e9dio 5,25 g<\/p>\n","protected":false},"featured_media":8716,"comment_status":"closed","ping_status":"closed","template":"","meta":[],"product_brand":[],"product_cat":[10,27,23,209,26],"product_tag":[],"class_list":{"0":"post-8715","1":"product","2":"type-product","3":"status-publish","4":"has-post-thumbnail","6":"product_cat-brincos","7":"product_cat-argolas-com-brilhante","8":"product_cat-com-brilhante-brincos","9":"product_cat-com-zirconia-brincos","10":"product_cat-argolas","11":"pa_brilhante-ou-zirconia-com-brilhante","12":"pa_brilhante-ou-zirconia-com-zirconia","13":"blog-left-layout","14":"blog-style-postblock","15":"","16":"blog-alt-odd","18":"first","19":"instock","20":"taxable","21":"shipping-taxable","22":"purchasable","23":"product-type-variable"},"_links":{"self":[{"href":"https:\/\/guindani.com.br\/index.php?rest_route=\/wp\/v2\/product\/8715","targetHints":{"allow":["GET"]}}],"collection":[{"href":"https:\/\/guindani.com.br\/index.php?rest_route=\/wp\/v2\/product"}],"about":[{"href":"https:\/\/guindani.com.br\/index.php?rest_route=\/wp\/v2\/types\/product"}],"replies":[{"embeddable":true,"href":"https:\/\/guindani.com.br\/index.php?rest_route=%2Fwp%2Fv2%2Fcomments&post=8715"}],"wp:featuredmedia":[{"embeddable":true,"href":"https:\/\/guindani.com.br\/index.php?rest_route=\/wp\/v2\/media\/8716"}],"wp:attachment":[{"href":"https:\/\/guindani.com.br\/index.php?rest_route=%2Fwp%2Fv2%2Fmedia&parent=8715"}],"wp:term":[{"taxonomy":"product_brand","embeddable":true,"href":"https:\/\/guindani.com.br\/index.php?rest_route=%2Fwp%2Fv2%2Fproduct_brand&post=8715"},{"taxonomy":"product_cat","embeddable":true,"href":"https:\/\/guindani.com.br\/index.php?rest_route=%2Fwp%2Fv2%2Fproduct_cat&post=8715"},{"taxonomy":"product_tag","embeddable":true,"href":"https:\/\/guindani.com.br\/index.php?rest_route=%2Fwp%2Fv2%2Fproduct_tag&post=8715"}],"curies":[{"name":"wp","href":"https:\/\/api.w.org\/{rel}","templated":true}]}}