{"id":8693,"date":"2024-07-29T15:49:17","date_gmt":"2024-07-29T18:49:17","guid":{"rendered":"https:\/\/guindani.com.br\/?post_type=product&#038;p=8693"},"modified":"2024-07-29T15:50:39","modified_gmt":"2024-07-29T18:50:39","slug":"21692","status":"publish","type":"product","link":"https:\/\/guindani.com.br\/?product=21692","title":{"rendered":"21692"},"content":{"rendered":"<p>Anel AU 750 cora\u00e7\u00e3o 0,24kd diamante<\/p>\n<p><em>Dispon\u00edvel tamb\u00e9m em zirc\u00f4nias<\/em><\/p>\n<p>Peso m\u00e9dio: 3,37 g<\/p>\n","protected":false},"excerpt":{"rendered":"<p>Anel AU 750 cora\u00e7\u00e3o 0,24kd diamante<\/p>\n<p><em>Dispon\u00edvel tamb\u00e9m em zirc\u00f4nias<\/em><\/p>\n<p>Peso m\u00e9dio: 3,37 g<\/p>\n","protected":false},"featured_media":8695,"comment_status":"closed","ping_status":"closed","template":"","meta":[],"product_brand":[],"product_cat":[260,8,18,66],"product_tag":[],"class_list":{"0":"post-8693","1":"product","2":"type-product","3":"status-publish","4":"has-post-thumbnail","6":"product_cat-lancamentos","7":"product_cat-aneis","8":"product_cat-com-brilhante","9":"product_cat-com-zirconia","10":"pa_brilhante-ou-zirconia-com-brilhante","11":"pa_brilhante-ou-zirconia-com-zirconia","12":"blog-left-layout","13":"blog-style-postblock","14":"","15":"blog-alt-odd","17":"first","18":"instock","19":"taxable","20":"shipping-taxable","21":"purchasable","22":"product-type-variable"},"_links":{"self":[{"href":"https:\/\/guindani.com.br\/index.php?rest_route=\/wp\/v2\/product\/8693","targetHints":{"allow":["GET"]}}],"collection":[{"href":"https:\/\/guindani.com.br\/index.php?rest_route=\/wp\/v2\/product"}],"about":[{"href":"https:\/\/guindani.com.br\/index.php?rest_route=\/wp\/v2\/types\/product"}],"replies":[{"embeddable":true,"href":"https:\/\/guindani.com.br\/index.php?rest_route=%2Fwp%2Fv2%2Fcomments&post=8693"}],"wp:featuredmedia":[{"embeddable":true,"href":"https:\/\/guindani.com.br\/index.php?rest_route=\/wp\/v2\/media\/8695"}],"wp:attachment":[{"href":"https:\/\/guindani.com.br\/index.php?rest_route=%2Fwp%2Fv2%2Fmedia&parent=8693"}],"wp:term":[{"taxonomy":"product_brand","embeddable":true,"href":"https:\/\/guindani.com.br\/index.php?rest_route=%2Fwp%2Fv2%2Fproduct_brand&post=8693"},{"taxonomy":"product_cat","embeddable":true,"href":"https:\/\/guindani.com.br\/index.php?rest_route=%2Fwp%2Fv2%2Fproduct_cat&post=8693"},{"taxonomy":"product_tag","embeddable":true,"href":"https:\/\/guindani.com.br\/index.php?rest_route=%2Fwp%2Fv2%2Fproduct_tag&post=8693"}],"curies":[{"name":"wp","href":"https:\/\/api.w.org\/{rel}","templated":true}]}}