{"id":7707,"date":"2021-10-20T11:28:22","date_gmt":"2021-10-20T13:28:22","guid":{"rendered":"http:\/\/guindani.com.br\/?post_type=product&#038;p=7707"},"modified":"2022-10-20T13:18:02","modified_gmt":"2022-10-20T15:18:02","slug":"21667","status":"publish","type":"product","link":"https:\/\/guindani.com.br\/?product=21667","title":{"rendered":"21667"},"content":{"rendered":"<p>Anel AU 750 com 0,07kd diamante nas laterais e 0,23kd diamante na pedra central<\/p>\n<p>Tamb\u00e9m dispon\u00edvel em Zirc\u00f4nia<\/p>\n<p>Peso m\u00e9dio: 0,96 g<\/p>\n","protected":false},"excerpt":{"rendered":"<p>Anel AU 750 com 0,07kd diamante nas laterais e 0,23kd diamante na pedra central<\/p>\n<p>Tamb\u00e9m dispon\u00edvel em Zirc\u00f4nia<\/p>\n<p>Peso m\u00e9dio: 0,96 g<\/p>\n","protected":false},"featured_media":7709,"comment_status":"closed","ping_status":"closed","template":"","meta":[],"product_brand":[],"product_cat":[8,19,18,66],"product_tag":[],"class_list":{"0":"post-7707","1":"product","2":"type-product","3":"status-publish","4":"has-post-thumbnail","6":"product_cat-aneis","7":"product_cat-chuveiros-e-solitarios","8":"product_cat-com-brilhante","9":"product_cat-com-zirconia","10":"pa_brilhante-ou-zirconia-com-brilhante","11":"pa_brilhante-ou-zirconia-com-zirconia","12":"pa_tamanho-64","13":"pa_tamanho-65","14":"pa_tamanho-74","15":"pa_tamanho-75","16":"pa_tamanho-76","17":"pa_tamanho-77","18":"pa_tamanho-78","19":"pa_tamanho-79","20":"pa_tamanho-80","21":"pa_tamanho-81","22":"pa_tamanho-82","23":"pa_tamanho-83","24":"pa_tamanho-84","25":"pa_tamanho-85","26":"pa_tamanho-86","27":"blog-left-layout","28":"blog-style-postblock","29":"","30":"blog-alt-odd","32":"first","33":"instock","34":"taxable","35":"shipping-taxable","36":"purchasable","37":"product-type-variable"},"_links":{"self":[{"href":"https:\/\/guindani.com.br\/index.php?rest_route=\/wp\/v2\/product\/7707","targetHints":{"allow":["GET"]}}],"collection":[{"href":"https:\/\/guindani.com.br\/index.php?rest_route=\/wp\/v2\/product"}],"about":[{"href":"https:\/\/guindani.com.br\/index.php?rest_route=\/wp\/v2\/types\/product"}],"replies":[{"embeddable":true,"href":"https:\/\/guindani.com.br\/index.php?rest_route=%2Fwp%2Fv2%2Fcomments&post=7707"}],"wp:featuredmedia":[{"embeddable":true,"href":"https:\/\/guindani.com.br\/index.php?rest_route=\/wp\/v2\/media\/7709"}],"wp:attachment":[{"href":"https:\/\/guindani.com.br\/index.php?rest_route=%2Fwp%2Fv2%2Fmedia&parent=7707"}],"wp:term":[{"taxonomy":"product_brand","embeddable":true,"href":"https:\/\/guindani.com.br\/index.php?rest_route=%2Fwp%2Fv2%2Fproduct_brand&post=7707"},{"taxonomy":"product_cat","embeddable":true,"href":"https:\/\/guindani.com.br\/index.php?rest_route=%2Fwp%2Fv2%2Fproduct_cat&post=7707"},{"taxonomy":"product_tag","embeddable":true,"href":"https:\/\/guindani.com.br\/index.php?rest_route=%2Fwp%2Fv2%2Fproduct_tag&post=7707"}],"curies":[{"name":"wp","href":"https:\/\/api.w.org\/{rel}","templated":true}]}}