{"id":39,"date":"2016-12-27T16:37:36","date_gmt":"2016-12-27T18:37:36","guid":{"rendered":"http:\/\/guindani.com.br\/minha-conta\/"},"modified":"2026-04-02T19:59:08","modified_gmt":"2026-04-02T22:59:08","slug":"profile","status":"publish","type":"page","link":"https:\/\/guindani.com.br\/?page_id=39","title":{"rendered":"Minha conta"},"content":{"rendered":"<p>A Guindani vende exclusivamente para clientes previamente cadastrados e pr\u00e9 aprovados.<br \/>\nN\u00e3o efetuamos vendas no varejo, atendemos somente\u00a0revendedores.<br \/>\nSe voc\u00ea j\u00e1 \u00e9 cadastrado insira seus dados abaixo. Se voc\u00ea deseja se cadastrar, <a href=\"https:\/\/guindani.com.br\/cadastro\/\">CLIQUE AQUI <\/a>\u00a0que faremos uma avalia\u00e7\u00e3o e entraremos em contato com voc\u00ea.<\/p>\n<div class=\"woocommerce\"><div class=\"woocommerce-notices-wrapper\"><\/div>\n\n\t\t<h2>Entrar<\/h2>\n\n\t\t<form class=\"woocommerce-form woocommerce-form-login login\" method=\"post\" novalidate>\n\n\t\t\t\n\t\t\t<p class=\"woocommerce-form-row woocommerce-form-row--wide form-row form-row-wide\">\n\t\t\t\t<label for=\"username\">Nome de usu\u00e1rio ou e-mail&nbsp;<span class=\"required\" aria-hidden=\"true\">*<\/span><span class=\"screen-reader-text\">Obrigat\u00f3rio<\/span><\/label>\n\t\t\t\t<input type=\"text\" class=\"woocommerce-Input woocommerce-Input--text input-text\" name=\"username\" id=\"username\" autocomplete=\"username\" value=\"\" required aria-required=\"true\" \/>\t\t\t<\/p>\n\t\t\t<p class=\"woocommerce-form-row woocommerce-form-row--wide form-row form-row-wide\">\n\t\t\t\t<label for=\"password\">Senha&nbsp;<span class=\"required\" aria-hidden=\"true\">*<\/span><span class=\"screen-reader-text\">Obrigat\u00f3rio<\/span><\/label>\n\t\t\t\t<input class=\"woocommerce-Input woocommerce-Input--text input-text\" type=\"password\" name=\"password\" id=\"password\" autocomplete=\"current-password\" required aria-required=\"true\" \/>\n\t\t\t<\/p>\n\n\t\t\t\n\t\t\t<p class=\"form-row\">\n\t\t\t\t<label class=\"woocommerce-form__label woocommerce-form__label-for-checkbox woocommerce-form-login__rememberme\">\n\t\t\t\t\t<input class=\"woocommerce-form__input woocommerce-form__input-checkbox\" name=\"rememberme\" type=\"checkbox\" id=\"rememberme\" value=\"forever\" \/> <span>Lembre-me<\/span>\n\t\t\t\t<\/label>\n\t\t\t\t<input type=\"hidden\" id=\"woocommerce-login-nonce\" name=\"woocommerce-login-nonce\" value=\"9b929e4b85\" \/><input type=\"hidden\" name=\"_wp_http_referer\" value=\"\/index.php?rest_route=%2Fwp%2Fv2%2Fpages%2F39\" \/>\t\t\t\t<button type=\"submit\" class=\"woocommerce-button button woocommerce-form-login__submit\" name=\"login\" value=\"Acessar\">Acessar<\/button>\n\t\t\t<\/p>\n\t\t\t<p class=\"woocommerce-LostPassword lost_password\">\n\t\t\t\t<a href=\"https:\/\/guindani.com.br\/?page_id=39&#038;lost-password\">Perdeu sua senha?<\/a>\n\t\t\t<\/p>\n\n\t\t\t\n\t\t<\/form>\n\n\n<\/div>\n<p style=\"text-align: center;\">J\u00e1 est\u00e1 logado ?\u00a0<a href=\"https:\/\/guindani.com.br\/loja\/\">Clique aqui e acesse a p\u00e1gina dos produtos !<\/a><\/p>\n","protected":false},"excerpt":{"rendered":"<p>A Guindani vende exclusivamente para clientes previamente cadastrados e pr\u00e9 aprovados. N\u00e3o efetuamos vendas no varejo, atendemos somente\u00a0revendedores. Se voc\u00ea j\u00e1 \u00e9 cadastrado insira seus dados abaixo. Se voc\u00ea deseja se cadastrar, CLIQUE AQUI \u00a0que faremos uma avalia\u00e7\u00e3o e entraremos em contato com voc\u00ea. J\u00e1 est\u00e1 logado ?\u00a0Clique aqui e acesse a p\u00e1gina dos produtos [&hellip;]<\/p>\n","protected":false},"author":864603,"featured_media":0,"parent":0,"menu_order":0,"comment_status":"closed","ping_status":"closed","template":"","meta":{"footnotes":""},"class_list":["post-39","page","type-page","status-publish","hentry","blog-left-layout","blog-style-postblock","","blog-alt-odd"],"_links":{"self":[{"href":"https:\/\/guindani.com.br\/index.php?rest_route=\/wp\/v2\/pages\/39","targetHints":{"allow":["GET"]}}],"collection":[{"href":"https:\/\/guindani.com.br\/index.php?rest_route=\/wp\/v2\/pages"}],"about":[{"href":"https:\/\/guindani.com.br\/index.php?rest_route=\/wp\/v2\/types\/page"}],"author":[{"embeddable":true,"href":"https:\/\/guindani.com.br\/index.php?rest_route=\/wp\/v2\/users\/864603"}],"replies":[{"embeddable":true,"href":"https:\/\/guindani.com.br\/index.php?rest_route=%2Fwp%2Fv2%2Fcomments&post=39"}],"version-history":[{"count":7,"href":"https:\/\/guindani.com.br\/index.php?rest_route=\/wp\/v2\/pages\/39\/revisions"}],"predecessor-version":[{"id":7669,"href":"https:\/\/guindani.com.br\/index.php?rest_route=\/wp\/v2\/pages\/39\/revisions\/7669"}],"wp:attachment":[{"href":"https:\/\/guindani.com.br\/index.php?rest_route=%2Fwp%2Fv2%2Fmedia&parent=39"}],"curies":[{"name":"wp","href":"https:\/\/api.w.org\/{rel}","templated":true}]}}